{"id":13,"date":"2024-11-04T23:37:52","date_gmt":"2024-11-04T22:37:52","guid":{"rendered":"https:\/\/anadel.fr\/?page_id=13"},"modified":"2026-01-08T21:00:32","modified_gmt":"2026-01-08T20:00:32","slug":"a-propos-de","status":"publish","type":"page","link":"https:\/\/anadel.fr\/index.php\/a-propos-de\/","title":{"rendered":"A propos"},"content":{"rendered":"\n<p><sub><a href=\"https:\/\/anadel.fr\/index.php\/about\/\" data-type=\"page\" data-id=\"514\">English version<\/a><\/sub><\/p>\n\n\n\n<div class=\"wp-block-cover alignwide has-custom-content-position is-position-top-left\" style=\"min-height:614px;aspect-ratio:unset;\"><img loading=\"lazy\" decoding=\"async\" width=\"1024\" height=\"732\" class=\"wp-block-cover__image-background wp-image-501 size-large\" alt=\"\" src=\"https:\/\/anadel.fr\/wp-content\/uploads\/2025\/08\/PXL_20250702_1857447343-1024x732.jpg\" data-object-fit=\"cover\" srcset=\"https:\/\/anadel.fr\/wp-content\/uploads\/2025\/08\/PXL_20250702_1857447343-1024x732.jpg 1024w, https:\/\/anadel.fr\/wp-content\/uploads\/2025\/08\/PXL_20250702_1857447343-300x214.jpg 300w, https:\/\/anadel.fr\/wp-content\/uploads\/2025\/08\/PXL_20250702_1857447343-768x549.jpg 768w, https:\/\/anadel.fr\/wp-content\/uploads\/2025\/08\/PXL_20250702_1857447343-1536x1098.jpg 1536w, https:\/\/anadel.fr\/wp-content\/uploads\/2025\/08\/PXL_20250702_1857447343-2048x1464.jpg 2048w, https:\/\/anadel.fr\/wp-content\/uploads\/2025\/08\/PXL_20250702_1857447343-1568x1121.jpg 1568w\" sizes=\"auto, (max-width: 1024px) 100vw, 1024px\" \/><span aria-hidden=\"true\" class=\"wp-block-cover__background has-background-dim\" style=\"background-color:#7b8084\"><\/span><div class=\"wp-block-cover__inner-container is-layout-flow wp-block-cover-is-layout-flow\">\n<details class=\"wp-block-details is-layout-flow wp-block-details-is-layout-flow\"><summary><\/summary>\n<div class=\"wp-block-columns is-layout-flex wp-container-core-columns-is-layout-9d6595d7 wp-block-columns-is-layout-flex\">\n<div class=\"wp-block-column is-layout-flow wp-block-column-is-layout-flow\" style=\"flex-basis:100%\">\n<div class=\"wp-block-group is-vertical is-layout-flex wp-container-core-group-is-layout-8cf370e7 wp-block-group-is-layout-flex\"><\/div>\n<\/div>\n<\/div>\n<\/details>\n<\/div><\/div>\n\n\n\n<h3 class=\"wp-block-heading\">de picturis meis<\/h3>\n\n\n\n<p>Le dessin a toujours fait partie de ma vie, de mes loisirs, de mes passions. Au fil des ann\u00e9es j\u2019ai eu l\u2019opportunit\u00e9 de suivre plusieurs cours et stages intensifs dans diverses \u00e9coles d\u2019art pour affiner mes comp\u00e9tences et explorer de nouvelles techniques. Ma pr\u00e9f\u00e9rence va \u00e0 la peinture de portraits, car rien ne m\u2019inspire plus que les regards : chaque visage raconte une histoire unique, et j\u2019aime capturer cette essence avec la richesse des couleurs et la profondeur que permet la peinture \u00e0 l\u2019huile.<\/p>\n\n\n\n<p>&#8220;<em>peindre un portrait est l&#8217;une des plus belles t\u00e2ches de l&#8217;art<\/em>&#8221; (LL)<\/p>\n\n\n\n<h3 class=\"wp-block-heading\"> formation &nbsp;<\/h3>\n\n\n\n<ul class=\"wp-block-list\">\n<li><strong>2025-2026<\/strong>&nbsp;\u2013 Ecole des Arts de la Sorbonne, Paris<\/li>\n\n\n\n<li><strong>2019<\/strong>,&nbsp;<strong>2020<\/strong>&nbsp;\u2013 <a href=\"https:\/\/www.academiedesbeauxarts.fr\">Acad\u00e9mie des Beaux-Arts<\/a>, Paris (cours de soir, dessin acad\u00e9mique)<\/li>\n\n\n\n<li><strong>2019-2023<\/strong> &#8211;<a href=\"https:\/\/www.academiegrandechaumiere.com\"> Acad\u00e9mie de la Grande Chaumi\u00e8re<\/a>, Paris (ateliers libres)<\/li>\n\n\n\n<li><strong>2017<\/strong>,&nbsp;<strong>2018<\/strong>&nbsp;\u2013 <a href=\"https:\/\/studioescalier.com\">Studio Escalier<\/a>, Paris (stages intensifs d\u2019\u00e9t\u00e9, dessin acad\u00e9mique)<\/li>\n\n\n\n<li><strong>2012<\/strong>\u2013<strong>2018&nbsp;<\/strong>\u2013 <a href=\"https:\/\/www.artcotedazur.fr\/lieux-d-expo,194\/video-villa-thiole,5984.html?lang=fr\">Villa Thiole<\/a>, Nice (cours de soir, peinture \u00e0 l\u2019huile et acrylique, dessin acad\u00e9mique, histoire de l\u2019art, etc)<\/li>\n<\/ul>\n\n\n\n<h3 class=\"wp-block-heading\">exp\u00e9rience <\/h3>\n\n\n\n<ul class=\"wp-block-list\">\n<li><strong>2022<\/strong>\u2013<strong>2023<\/strong>&nbsp;\u2013 Animatrice d\u2019ateliers d\u2019art graphique \u00e0 Sorbonne Universit\u00e9 (j\u2019ai organis\u00e9 et anim\u00e9 des ateliers d\u2019art graphique, intitul\u00e9s \u201cle portrait au fusain\u201d, pour les enseignants-chercheurs de Sorbonne Universit\u00e9 int\u00e9ress\u00e9s par le dessin, dans le cadre de&nbsp;<a href=\"https:\/\/clas-jussieu.caes.cnrs.fr\/\" target=\"_blank\" rel=\"noreferrer noopener\">CLAS de Jussieu<\/a>).<\/li>\n<\/ul>\n\n\n\n<h3 class=\"wp-block-heading\">influences <\/h3>\n\n\n\n<p>Corneliu Baba, Pierre Bonnard, William Bouguereau, Andr\u00e9 Brasilier, Caravage, Jean Sim\u00e9on Chardin, Tsuguharu Foujita, Marie Laurencin, Amedeo Modigliani, Ernest Pignon-Ernest, Ilya R\u00e9pine, Joaquin Sorolla, John Singer Sargent, Valentin S\u00e9rov, Nicolae Tonita, Remedios Varo, Johannes Vermeer, etc<\/p>\n\n\n\n<p> &nbsp;<\/p>\n\n\n\n<figure class=\"wp-block-image size-large\"><img loading=\"lazy\" decoding=\"async\" width=\"1024\" height=\"576\" src=\"https:\/\/anadel.fr\/wp-content\/uploads\/2024\/11\/20170524_194337-1152x2048-1-edited-1024x576.jpg\" alt=\"\" class=\"wp-image-45\" srcset=\"https:\/\/anadel.fr\/wp-content\/uploads\/2024\/11\/20170524_194337-1152x2048-1-edited-1024x576.jpg 1024w, https:\/\/anadel.fr\/wp-content\/uploads\/2024\/11\/20170524_194337-1152x2048-1-edited-300x169.jpg 300w, https:\/\/anadel.fr\/wp-content\/uploads\/2024\/11\/20170524_194337-1152x2048-1-edited-768x432.jpg 768w, https:\/\/anadel.fr\/wp-content\/uploads\/2024\/11\/20170524_194337-1152x2048-1-edited.jpg 1152w\" sizes=\"auto, (max-width: 1024px) 100vw, 1024px\" \/><\/figure>\n\n\n\n<p class=\"has-text-align-center\">mes muses<\/p>\n","protected":false},"excerpt":{"rendered":"<p>English version de picturis meis Le dessin a toujours fait partie de ma vie, de mes loisirs, de mes passions. Au fil des ann\u00e9es j\u2019ai eu l\u2019opportunit\u00e9 de suivre plusieurs cours et stages intensifs dans diverses \u00e9coles d\u2019art pour affiner mes comp\u00e9tences et explorer de nouvelles techniques. Ma pr\u00e9f\u00e9rence va \u00e0 la peinture de portraits,&hellip; <a class=\"more-link\" href=\"https:\/\/anadel.fr\/index.php\/a-propos-de\/\">Continue reading <span class=\"screen-reader-text\">A propos<\/span><\/a><\/p>\n","protected":false},"author":1,"featured_media":0,"parent":0,"menu_order":0,"comment_status":"closed","ping_status":"closed","template":"","meta":{"footnotes":""},"class_list":["post-13","page","type-page","status-publish","hentry","entry"],"_links":{"self":[{"href":"https:\/\/anadel.fr\/index.php\/wp-json\/wp\/v2\/pages\/13","targetHints":{"allow":["GET"]}}],"collection":[{"href":"https:\/\/anadel.fr\/index.php\/wp-json\/wp\/v2\/pages"}],"about":[{"href":"https:\/\/anadel.fr\/index.php\/wp-json\/wp\/v2\/types\/page"}],"author":[{"embeddable":true,"href":"https:\/\/anadel.fr\/index.php\/wp-json\/wp\/v2\/users\/1"}],"replies":[{"embeddable":true,"href":"https:\/\/anadel.fr\/index.php\/wp-json\/wp\/v2\/comments?post=13"}],"version-history":[{"count":48,"href":"https:\/\/anadel.fr\/index.php\/wp-json\/wp\/v2\/pages\/13\/revisions"}],"predecessor-version":[{"id":1843,"href":"https:\/\/anadel.fr\/index.php\/wp-json\/wp\/v2\/pages\/13\/revisions\/1843"}],"wp:attachment":[{"href":"https:\/\/anadel.fr\/index.php\/wp-json\/wp\/v2\/media?parent=13"}],"curies":[{"name":"wp","href":"https:\/\/api.w.org\/{rel}","templated":true}]}}

<p><sub><a href="https://anadel.fr/index.php/about/" data-type="page" data-id="514">English version</a></sub></p>



<div class="wp-block-cover alignwide has-custom-content-position is-position-top-left" style="min-height:614px;aspect-ratio:unset;"><img loading="lazy" decoding="async" width="1024" height="732" class="wp-block-cover__image-background wp-image-501 size-large" alt="" src="https://anadel.fr/wp-content/uploads/2025/08/PXL_20250702_1857447343-1024x732.jpg" data-object-fit="cover" srcset="https://anadel.fr/wp-content/uploads/2025/08/PXL_20250702_1857447343-1024x732.jpg 1024w, https://anadel.fr/wp-content/uploads/2025/08/PXL_20250702_1857447343-300x214.jpg 300w, https://anadel.fr/wp-content/uploads/2025/08/PXL_20250702_1857447343-768x549.jpg 768w, https://anadel.fr/wp-content/uploads/2025/08/PXL_20250702_1857447343-1536x1098.jpg 1536w, https://anadel.fr/wp-content/uploads/2025/08/PXL_20250702_1857447343-2048x1464.jpg 2048w, https://anadel.fr/wp-content/uploads/2025/08/PXL_20250702_1857447343-1568x1121.jpg 1568w" sizes="auto, (max-width: 1024px) 100vw, 1024px" /><span aria-hidden="true" class="wp-block-cover__background has-background-dim" style="background-color:#7b8084"></span><div class="wp-block-cover__inner-container is-layout-flow wp-block-cover-is-layout-flow">
<details class="wp-block-details is-layout-flow wp-block-details-is-layout-flow"><summary></summary>
<div class="wp-block-columns is-layout-flex wp-container-core-columns-is-layout-9d6595d7 wp-block-columns-is-layout-flex">
<div class="wp-block-column is-layout-flow wp-block-column-is-layout-flow" style="flex-basis:100%">
<div class="wp-block-group is-vertical is-layout-flex wp-container-core-group-is-layout-8cf370e7 wp-block-group-is-layout-flex"></div>
</div>
</div>
</details>
</div></div>



<h3 class="wp-block-heading">de picturis meis</h3>



<p>Le dessin a toujours fait partie de ma vie, de mes loisirs, de mes passions. Au fil des années j’ai eu l’opportunité de suivre plusieurs cours et stages intensifs dans diverses écoles d’art pour affiner mes compétences et explorer de nouvelles techniques. Ma préférence va à la peinture de portraits, car rien ne m’inspire plus que les regards : chaque visage raconte une histoire unique, et j’aime capturer cette essence avec la richesse des couleurs et la profondeur que permet la peinture à l’huile.</p>



<p>&#8220;<em>peindre un portrait est l&#8217;une des plus belles tâches de l&#8217;art</em>&#8221; (LL)</p>



<h3 class="wp-block-heading"> formation &nbsp;</h3>



<ul class="wp-block-list">
<li><strong>2025-2026</strong>&nbsp;– Ecole des Arts de la Sorbonne, Paris</li>



<li><strong>2019</strong>,&nbsp;<strong>2020</strong>&nbsp;– <a href="https://www.academiedesbeauxarts.fr">Académie des Beaux-Arts</a>, Paris (cours de soir, dessin académique)</li>



<li><strong>2019-2023</strong> &#8211;<a href="https://www.academiegrandechaumiere.com"> Académie de la Grande Chaumière</a>, Paris (ateliers libres)</li>



<li><strong>2017</strong>,&nbsp;<strong>2018</strong>&nbsp;– <a href="https://studioescalier.com">Studio Escalier</a>, Paris (stages intensifs d’été, dessin académique)</li>



<li><strong>2012</strong>–<strong>2018&nbsp;</strong>– <a href="https://www.artcotedazur.fr/lieux-d-expo,194/video-villa-thiole,5984.html?lang=fr">Villa Thiole</a>, Nice (cours de soir, peinture à l’huile et acrylique, dessin académique, histoire de l’art, etc)</li>
</ul>



<h3 class="wp-block-heading">expérience </h3>



<ul class="wp-block-list">
<li><strong>2022</strong>–<strong>2023</strong>&nbsp;– Animatrice d’ateliers d’art graphique à Sorbonne Université (j’ai organisé et animé des ateliers d’art graphique, intitulés “le portrait au fusain”, pour les enseignants-chercheurs de Sorbonne Université intéressés par le dessin, dans le cadre de&nbsp;<a href="https://clas-jussieu.caes.cnrs.fr/" target="_blank" rel="noreferrer noopener">CLAS de Jussieu</a>).</li>
</ul>



<h3 class="wp-block-heading">influences </h3>



<p>Corneliu Baba, Pierre Bonnard, William Bouguereau, André Brasilier, Caravage, Jean Siméon Chardin, Tsuguharu Foujita, Marie Laurencin, Amedeo Modigliani, Ernest Pignon-Ernest, Ilya Répine, Joaquin Sorolla, John Singer Sargent, Valentin Sérov, Nicolae Tonita, Remedios Varo, Johannes Vermeer, etc</p>



<p> &nbsp;</p>



<figure class="wp-block-image size-large"><img loading="lazy" decoding="async" width="1024" height="576" src="https://anadel.fr/wp-content/uploads/2024/11/20170524_194337-1152x2048-1-edited-1024x576.jpg" alt="" class="wp-image-45" srcset="https://anadel.fr/wp-content/uploads/2024/11/20170524_194337-1152x2048-1-edited-1024x576.jpg 1024w, https://anadel.fr/wp-content/uploads/2024/11/20170524_194337-1152x2048-1-edited-300x169.jpg 300w, https://anadel.fr/wp-content/uploads/2024/11/20170524_194337-1152x2048-1-edited-768x432.jpg 768w, https://anadel.fr/wp-content/uploads/2024/11/20170524_194337-1152x2048-1-edited.jpg 1152w" sizes="auto, (max-width: 1024px) 100vw, 1024px" /></figure>



<p class="has-text-align-center">mes muses</p>

<p>English version de picturis meis Le dessin a toujours fait partie de ma vie, de mes loisirs, de mes passions. Au fil des années j’ai eu l’opportunité de suivre plusieurs cours et stages intensifs dans diverses écoles d’art pour affiner mes compétences et explorer de nouvelles techniques. Ma préférence va à la peinture de portraits,&hellip; <a class="more-link" href="https://anadel.fr/index.php/a-propos-de/">Continue reading <span class="screen-reader-text">A propos</span></a></p>
